or of 135 and 435.
15
Calculate the highest common factor of 5810 and 70.
70
Calculate the greatest common divisor of 312 and 30.
6
What is the greatest common divisor of 9 and 1521?
9
What is the greatest common factor of 175 and 7?
7
What is the greatest common divisor of 365 and 85?
5
Calculate the highest common divisor of 88 and 32.
8
What is the greatest common divisor of 284 and 2414?
142
Calculate the highest common divisor of 3565 and 115.
115
What is the greatest common divisor of 16 and 720?
16
What is the greatest common divisor of 153 and 945?
9
Calculate the greatest common divisor of 916 and 8.
4
What is the greatest common factor of 196 and 36554?
98
Calculate the highest common factor of 33 and 374.
11
Calculate the greatest common divisor of 646 and 38.
38
Calculate the highest common divisor of 85 and 629.
17
What is the greatest common divisor of 48 and 1374?
6
Calculate the greatest common factor of 95100 and 75.
75
What is the highest common divisor of 30 and 24?
6
Calculate the highest common divisor of 911 and 1.
1
What is the highest common divisor of 4 and 8?
4
What is the highest common factor of 675 and 189?
27
What is the greatest common factor of 3479 and 259?
7
Calculate the highest common factor of 195 and 2775.
15
Calculate the highest common factor of 408 and 51.
51
What is the highest common factor of 28 and 112?
28
Calculate the highest common divisor of 9 and 147.
3
What is the highest common divisor of 513 and 209?
19
What is the highest common divisor of 12 and 8?
4
What is the highest common factor of 14 and 8834?
14
What is the greatest common divisor of 3500 and 375?
125
Calculate the greatest common factor of 2 and 23.
1
What is the greatest common factor of 160 and 20?
20
Calculate the greatest common divisor of 426 and 33654.
426
What is the greatest common divisor of 66 and 2750?
22
Calculate the greatest common factor of 116 and 32.
4
Calculate the greatest common factor of 112 and 368.
16
Calculate the greatest common factor of 343 and 63.
7
Calculate the highest common factor of 128 and 56.
8
Calculate the highest common factor of 37 and 52392.
37
Calculate the highest common divisor of 40 and 90.
10
Calculate the highest common factor of 80 and 48.
16
Calculate the highest common divisor of 20 and 8.
4
What is the greatest common divisor of 360 and 40?
40
What is the greatest common factor of 216 and 4848?
24
What is the greatest common factor of 126 and 84?
42
Calculate the greatest common divisor of 16121 and 141.
47
Calculate the highest common factor of 65 and 273.
13
Calculate the greatest common factor of 168 and 96.
24
Calculate the highest common factor of 2862 and 324.
54
Calculate the highest common factor of 2 and 15.
1
Calculate the greatest common divisor of 260 and 208.
52
Calculate the greatest common divisor of 1040 and 80.
80
Calculate the highest common factor of 77 and 21098.
77
Calculate the highest common factor of 864 and 738.
18
What is the highest common factor of 25 and 55?
5
What is the highest common factor of 6086 and 102?
34
Calculate the greatest common divisor of 270 and 210.
30
What is the highest common divisor of 56 and 12404?
28
Calculate the greatest common divisor of 702 and 546.
78
Calculate the greatest common divisor of 152 and 8.
8
Calculate the greatest common factor of 649 and 11.
11
Calculate the greatest common factor of 1092 and 228.
12
Calculate the highest common divisor of 459 and 102.
51
What is the highest common divisor of 84 and 322?
14
What is the greatest common divisor of 785 and 1099?
157
Calculate the highest common factor of 33652 and 188.
188
What is the highest common divisor of 8533 and 115?
23
What is the greatest common divisor of 430 and 120?
10
What is the greatest common factor of 192 and 7176?
24
What is the highest common factor of 9 and 99?
9
Calculate the greatest common divisor of 146 and 28178.
146
What is the greatest common divisor of 6 and 94?
2
What is the greatest common divisor of 432 and 54?
54
Calculate the highest common factor of 14 and 217.
7
What is the highest common divisor of 784 and 49?
49
Calculate the highest common divisor of 56 and 329.
7
Calculate the greatest common factor of 64 and 1.
1
Calculate the highest common factor of 344 and 72.
8
Calculate the greatest common factor of 120 and 330.
30
What is the highest common factor of 1536 and 336?
48
What is the greatest common factor of 49 and 1617?
49
What is the highest common factor of 10382 and 58?
58
Calculate the greatest common factor of 85 and 391.
17
Calculate the highest common divisor of 40 and 200.
40
Calculate the greatest common factor of 16 and 1724.
4
Calculate the greatest common divisor of 918 and 136.
34
Calculate the highest common factor of 11 and 352.
11
Calculate the highest common factor of 48 and 24456.
24
What is the highest common divisor of 24 and 252?
12
What is the greatest common factor of 1899 and 18?
9
Calculate the highest common divisor of 40528 and 34.
34
What is the highest common divisor of 256 and 48?
16
What is the highest common factor of 45 and 288?
9
Calculate the greatest common divisor of 1305 and 285.
15
What is the greatest common divisor of 212 and 164?
4
Calculate the greatest common divisor of 16 and 416.
16
What is the highest common divisor of 40 and 32?
8
What is the highest common divisor of 270 and 630?
90
What is the highest common factor of 3393 and 1287?
117
What is the highest common factor of 95 and 635?
5
What is the highest common factor of 200 and 450?
50
What is the greatest common divisor of 1030 and 10?
10
Calculate the highest common factor of 108 and 720.
36
What is the greatest common factor of 85 and 30005?
85
What is the greatest common divisor of 36 and 916?
4
Calculate the highest common divisor of 1053 and 108.
27
What is the greatest common factor of 476 and 84?
28
What is the highest common factor of 182 and 442?
26
Calculate the greatest common divisor of 100 and 870.
10
Calculate the greatest common factor of 1 and 67.
1
Calculate the highest common divisor of 10 and 1665.
5
Calculate the highest common factor of 1826 and 33.
11
Calculate the greatest common factor of 30 and 330.
30
What is the greatest common divisor of 549 and 793?
61
What is the highest common factor of 360 and 320?
40
Calculate the highest common factor of 60 and 1824.
12
Calculate the greatest common factor of 105 and 7833.
21
Calculate the greatest common factor of 17 and 29376.
17
Calculate the highest common divisor of 583 and 11.
11
What is the greatest common divisor of 1189 and 29?
29
Calculate the greatest common factor of 33 and 2035.
11
Calculate the greatest common factor of 120 and 1620.
60
Calculate the greatest common factor of 4 and 692.
4
Calculate the greatest common factor of 742 and 126.
14
Calculate the highest common factor of 24 and 24.
24
Calculate the highest common divisor of 162 and 30.
6
Calculate the highest common factor of 1222 and 78.
26
What is the greatest common divisor of 10505 and 165?
55
Calculate the highest common divisor of 324 and 567.
81
What is the highest common factor of 260 and 1960?
20
What is the greatest common divisor of 176 and 448?
16
Calculate the greatest common factor of 680 and 2465.
85
What is the greatest common divisor of 90 and 765?
45
What is the highest common factor of 39 and 276?
3
What is the greatest common factor of 456 and 104?
8
Calculate the greatest common divisor of 21 and 49.
7
What is the greatest common divisor of 5852 and 420?
28
Calculate the greatest common factor of 34 and 13957.
17
What is the highest common divisor of 8 and 8?
8
What is the greatest common divisor of 273 and 252?
21
Calculate the highest common divisor of 20 and 210.
10
Calculate the highest common divisor of 1009 and 1.
1
Calculate the highest common divisor of 707 and 4545.
101
What is the highest common factor of 22 and 473?
11
What is the highest common factor of 20 and 530?
10
What is the greatest common divisor of 200 and 125?
25
What is the highest common divisor of 28386 and 18?
18
What is the highest common divisor of 230 and 2070?
230
What is the greatest common factor of 28 and 1358?
14
Calculate the highest common factor of 148 and 16.
4
What 